{"id":7146,"date":"2024-06-11T20:42:37","date_gmt":"2024-06-12T00:42:37","guid":{"rendered":"https:\/\/uprmdacc.upr.edu\/?page_id=7146"},"modified":"2025-03-07T09:35:22","modified_gmt":"2025-03-07T13:35:22","slug":"breaking-news-update","status":"publish","type":"page","link":"https:\/\/uprmdacc.upr.edu\/index.php\/breaking-news-update\/","title":{"rendered":"Breaking News Update"},"content":{"rendered":"\t\t<div data-elementor-type=\"wp-post\" data-elementor-id=\"7146\" class=\"elementor elementor-7146\">\n\t\t\t\t\t\t<section class=\"elementor-section elementor-top-section elementor-element elementor-element-7d38910 ot-traditional elementor-section-boxed elementor-section-height-default elementor-section-height-default\" data-id=\"7d38910\" data-element_type=\"section\">\n\t\t\t\t\t\t<div class=\"elementor-container elementor-column-gap-default\">\n\t\t\t\t\t<div class=\"elementor-column elementor-col-100 elementor-top-column elementor-element elementor-element-da2def6 ot-flex-column-vertical\" data-id=\"da2def6\" data-element_type=\"column\">\n\t\t\t<div class=\"elementor-widget-wrap elementor-element-populated\">\n\t\t\t\t\t\t<div class=\"elementor-element elementor-element-d45664a elementor-widget elementor-widget-iheading\" data-id=\"d45664a\" data-element_type=\"widget\" data-widget_type=\"iheading.default\">\n\t\t\t\t<div class=\"elementor-widget-container\">\n\t\t\t\t\t\t\t<div class=\"ot-heading\">\r\n\t        \t            <span>\/\/ News<\/span>\r\n\t        <h3 class=\"main-heading\">UPR \/ MD Anderson Cancer Center\nPartnership for Excellence in Cancer Research <\/h3>\t    <\/div>\r\n\t    \t\t\t\t<\/div>\n\t\t\t\t<\/div>\n\t\t\t\t\t<\/div>\n\t\t<\/div>\n\t\t\t\t\t<\/div>\n\t\t<\/section>\n\t\t\t\t<section class=\"elementor-section elementor-top-section elementor-element elementor-element-696024f ot-traditional elementor-section-boxed elementor-section-height-default elementor-section-height-default\" data-id=\"696024f\" data-element_type=\"section\">\n\t\t\t\t\t\t<div class=\"elementor-container elementor-column-gap-default\">\n\t\t\t\t\t<div class=\"elementor-column elementor-col-100 elementor-top-column elementor-element elementor-element-4249b53 ot-flex-column-vertical\" data-id=\"4249b53\" data-element_type=\"column\">\n\t\t\t<div class=\"elementor-widget-wrap elementor-element-populated\">\n\t\t\t\t\t\t<div class=\"elementor-element elementor-element-7153333 elementor-widget elementor-widget-iaccordions\" data-id=\"7153333\" data-element_type=\"widget\" data-widget_type=\"iaccordions.default\">\n\t\t\t\t<div class=\"elementor-widget-container\">\n\t\t\t\t\t\r\n\t\t<div class=\"ot-accordions\">\r\n\t\t\t\t\t\t<div class=\"acc-item\">\r\n\t\t\t\t<span class=\"acc-toggle\">Dra Filipa Godoy nos habla sobre su proyecto de investigaci\u00f3n y c\u00f3mo su proyecto ayuda a combatir el c\u00e1ncer. <i class=\"down flaticon-download-arrow\"><\/i><i class=\"up flaticon-up-arrow\"><\/i><\/span>\r\n\t\t\t\t<div class=\"acc-content\">\r\n\t\t\t\t\t<p class=\"_ap3a _aaco _aacu _aacx _aad7 _aade\" dir=\"auto\">Take a sneak peak at one of the projects in the Godoy Lab which is in collaboration with Dr. Candelaria Gomez-Manzano\u2019s team at MD Anderson Cancer Center. This innovative project, the thesis of our PhD student Natalie M. Mel\u00e9ndez-V\u00e1zquez, focuses on studying the modulatory effects of the gut microbiome in oncolytic viral therapy efficacy against the most common and malignant primary brain tumor (glioblastoma). The novelty of this project allows to develop strategies to tackle treatment unresponsiveness by establishing bacterial and fungal communities of interest with probiotics. These advancements could help increase the success rates of solid tumor treatments through the implementation of combinatory therapies using viroimmunotherapy and gut microbiota modulation.<\/p><p><strong>Watch the full video at:<\/strong> https:\/\/youtu.be\/4fs-WHr5_Pk?feature=shared<\/p>\t\t\t\t<\/div>\r\n\t\t\t<\/div>\r\n\t\t\t\t\t\t<div class=\"acc-item\">\r\n\t\t\t\t<span class=\"acc-toggle\">2025 Summer Research Experience \u2013 Deadline for Application: January 15, 2025, at 11:59 PM CST  <i class=\"down flaticon-download-arrow\"><\/i><i class=\"up flaticon-up-arrow\"><\/i><\/span>\r\n\t\t\t\t<div class=\"acc-content\">\r\n\t\t\t\t\t<p><a href=\"https:\/\/uprmdacc.upr.edu\/wp-content\/uploads\/2024\/12\/PROMO-2025-SUMMER-RESEARCH-EXPERIENCE.pdf\" class=\"pdfemb-viewer\" style=\"\" data-width=\"max\" data-height=\"max\" data-toolbar=\"both\" data-toolbar-fixed=\"off\">PROMO 2025 SUMMER RESEARCH EXPERIENCE<\/a><\/p>\t\t\t\t<\/div>\r\n\t\t\t<\/div>\r\n\t\t\t\t\t\t<div class=\"acc-item\">\r\n\t\t\t\t<span class=\"acc-toggle\">Research Education Core Advanced Topics in Cancer Research: Cancer Disparities in Puerto Rico <i class=\"down flaticon-download-arrow\"><\/i><i class=\"up flaticon-up-arrow\"><\/i><\/span>\r\n\t\t\t\t<div class=\"acc-content\">\r\n\t\t\t\t\t<p><a href=\"https:\/\/uprmdacc.upr.edu\/wp-content\/uploads\/2024\/12\/PROMO-2cr-30-hr-INTENSIVE-COURSE-May-19-23-2025.pdf\" class=\"pdfemb-viewer\" style=\"\" data-width=\"max\" data-height=\"max\" data-toolbar=\"both\" data-toolbar-fixed=\"off\">PROMO 2cr 30 hr INTENSIVE COURSE May 19 23 2025<\/a><\/p>\t\t\t\t<\/div>\r\n\t\t\t<\/div>\r\n\t\t\t\t\t\t<div class=\"acc-item\">\r\n\t\t\t\t<span class=\"acc-toggle\">Postdoctoral Fellowships in Cancer Prevention Research <i class=\"down flaticon-download-arrow\"><\/i><i class=\"up flaticon-up-arrow\"><\/i><\/span>\r\n\t\t\t\t<div class=\"acc-content\">\r\n\t\t\t\t\t<p><a href=\"https:\/\/uprmdacc.upr.edu\/wp-content\/uploads\/2024\/12\/CPRTP-Gordon-Colorectal-Postdoc-Fellowship-2025.pdf\" class=\"pdfemb-viewer\" style=\"\" data-width=\"max\" data-height=\"max\" data-toolbar=\"both\" data-toolbar-fixed=\"off\">CPRTP Gordon Colorectal Postdoc Fellowship 2025<\/a><\/p>\t\t\t\t<\/div>\r\n\t\t\t<\/div>\r\n\t\t\t\t\t\t<div class=\"acc-item\">\r\n\t\t\t\t<span class=\"acc-toggle\">ELECTIVE COURSE: INTD 5065 (Undergraduate) & INTD 8065 (Graduate): DATA ANALYSIS IN CANCER RESEARCH <i class=\"down flaticon-download-arrow\"><\/i><i class=\"up flaticon-up-arrow\"><\/i><\/span>\r\n\t\t\t\t<div class=\"acc-content\">\r\n\t\t\t\t\t<p><a href=\"https:\/\/forms.office.com\/pages\/responsepage.aspx?id=wF36DW8DFUaZ5JSvgi8rhJWLJu8GybJAoX_Y_2q1nJBUMDFMTDRCMFIwNDFGOE9TTkFCUVJHV0o0QS4u&amp;route=shorturl\"><img fetchpriority=\"high\" decoding=\"async\" class=\"aligncenter wp-image-7383 size-large\" src=\"https:\/\/uprmdacc.upr.edu\/wp-content\/uploads\/2024\/11\/data-analysis-01-to-05-2024-1024x765.png\" alt=\"\" width=\"1024\" height=\"765\" srcset=\"https:\/\/uprmdacc.upr.edu\/wp-content\/uploads\/2024\/11\/data-analysis-01-to-05-2024-1024x765.png 1024w, https:\/\/uprmdacc.upr.edu\/wp-content\/uploads\/2024\/11\/data-analysis-01-to-05-2024-300x224.png 300w, https:\/\/uprmdacc.upr.edu\/wp-content\/uploads\/2024\/11\/data-analysis-01-to-05-2024-768x574.png 768w, https:\/\/uprmdacc.upr.edu\/wp-content\/uploads\/2024\/11\/data-analysis-01-to-05-2024-1536x1148.png 1536w, https:\/\/uprmdacc.upr.edu\/wp-content\/uploads\/2024\/11\/data-analysis-01-to-05-2024-2048x1530.png 2048w, https:\/\/uprmdacc.upr.edu\/wp-content\/uploads\/2024\/11\/data-analysis-01-to-05-2024-720x538.png 720w\" sizes=\"(max-width: 1024px) 100vw, 1024px\" \/><\/a><\/p>\t\t\t\t<\/div>\r\n\t\t\t<\/div>\r\n\t\t\t\t\t\t<div class=\"acc-item\">\r\n\t\t\t\t<span class=\"acc-toggle\">All of Us Estrategias de outreach, reclutamiento y retenci\u00f3n que han sido efectivas para el programa <i class=\"down flaticon-download-arrow\"><\/i><i class=\"up flaticon-up-arrow\"><\/i><\/span>\r\n\t\t\t\t<div class=\"acc-content\">\r\n\t\t\t\t\t<p><a href=\"https:\/\/uprmdacc.upr.edu\/index.php\/event\/all-of-us-estrategias-de-outreach-reclutamiento-y-retencion-que-han-sido-efectivas-para-el-programa\/\"><img decoding=\"async\" class=\"aligncenter wp-image-7307 size-large\" src=\"https:\/\/uprmdacc.upr.edu\/wp-content\/uploads\/2024\/09\/All-of-Us-Estrategias-de-outreach-731x1024.png\" alt=\"\" width=\"731\" height=\"1024\" srcset=\"https:\/\/uprmdacc.upr.edu\/wp-content\/uploads\/2024\/09\/All-of-Us-Estrategias-de-outreach-731x1024.png 731w, https:\/\/uprmdacc.upr.edu\/wp-content\/uploads\/2024\/09\/All-of-Us-Estrategias-de-outreach-214x300.png 214w, https:\/\/uprmdacc.upr.edu\/wp-content\/uploads\/2024\/09\/All-of-Us-Estrategias-de-outreach-768x1076.png 768w, https:\/\/uprmdacc.upr.edu\/wp-content\/uploads\/2024\/09\/All-of-Us-Estrategias-de-outreach-1096x1536.png 1096w, https:\/\/uprmdacc.upr.edu\/wp-content\/uploads\/2024\/09\/All-of-Us-Estrategias-de-outreach-720x1009.png 720w, https:\/\/uprmdacc.upr.edu\/wp-content\/uploads\/2024\/09\/All-of-Us-Estrategias-de-outreach.png 1114w\" sizes=\"(max-width: 731px) 100vw, 731px\" \/><\/a><\/p>\t\t\t\t<\/div>\r\n\t\t\t<\/div>\r\n\t\t\t\t\t\t<div class=\"acc-item\">\r\n\t\t\t\t<span class=\"acc-toggle\">Enhancing Diversity in Clinical Research Participation among Hispanic in Puerto Rico: Beyond Ethnicity <i class=\"down flaticon-download-arrow\"><\/i><i class=\"up flaticon-up-arrow\"><\/i><\/span>\r\n\t\t\t\t<div class=\"acc-content\">\r\n\t\t\t\t\t<p><a href=\"https:\/\/uprmdacc.upr.edu\/index.php\/event\/enhancing-diversity-in-clinical-research-participation-among-hispanic-in-puerto-rico-beyond-ethnicity\/\"><img decoding=\"async\" class=\"aligncenter wp-image-7311 size-large\" src=\"https:\/\/uprmdacc.upr.edu\/wp-content\/uploads\/2024\/09\/Enhancing-Diversity-in-Clinical-Research-729x1024.png\" alt=\"\" width=\"729\" height=\"1024\" srcset=\"https:\/\/uprmdacc.upr.edu\/wp-content\/uploads\/2024\/09\/Enhancing-Diversity-in-Clinical-Research-729x1024.png 729w, https:\/\/uprmdacc.upr.edu\/wp-content\/uploads\/2024\/09\/Enhancing-Diversity-in-Clinical-Research-214x300.png 214w, https:\/\/uprmdacc.upr.edu\/wp-content\/uploads\/2024\/09\/Enhancing-Diversity-in-Clinical-Research-768x1079.png 768w, https:\/\/uprmdacc.upr.edu\/wp-content\/uploads\/2024\/09\/Enhancing-Diversity-in-Clinical-Research-1094x1536.png 1094w, https:\/\/uprmdacc.upr.edu\/wp-content\/uploads\/2024\/09\/Enhancing-Diversity-in-Clinical-Research-720x1011.png 720w, https:\/\/uprmdacc.upr.edu\/wp-content\/uploads\/2024\/09\/Enhancing-Diversity-in-Clinical-Research.png 1113w\" sizes=\"(max-width: 729px) 100vw, 729px\" \/><\/a><\/p>\t\t\t\t<\/div>\r\n\t\t\t<\/div>\r\n\t\t\t\t\t\t<div class=\"acc-item\">\r\n\t\t\t\t<span class=\"acc-toggle\">Poster Session August 30, 2024 3:00 PM <i class=\"down flaticon-download-arrow\"><\/i><i class=\"up flaticon-up-arrow\"><\/i><\/span>\r\n\t\t\t\t<div class=\"acc-content\">\r\n\t\t\t\t\t<p><a href=\"https:\/\/uprmdacc.upr.edu\/wp-content\/uploads\/2024\/08\/2024-PROMO-POSTER-SESSION-AUG-30-2024.pdf\" class=\"pdfemb-viewer\" style=\"\" data-width=\"max\" data-height=\"max\" data-toolbar=\"both\" data-toolbar-fixed=\"off\">2024 PROMO POSTER SESSION AUG 30 2024<\/a><\/p>\t\t\t\t<\/div>\r\n\t\t\t<\/div>\r\n\t\t\t\t\t\t<div class=\"acc-item\">\r\n\t\t\t\t<span class=\"acc-toggle\">New Microbiology Dept Peer-reviewed Publication  <i class=\"down flaticon-download-arrow\"><\/i><i class=\"up flaticon-up-arrow\"><\/i><\/span>\r\n\t\t\t\t<div class=\"acc-content\">\r\n\t\t\t\t\t<p><img loading=\"lazy\" decoding=\"async\" class=\"aligncenter wp-image-6947 size-full\" src=\"https:\/\/uprmdacc.upr.edu\/wp-content\/uploads\/2024\/06\/Publicacion-Facultad-may-2024.jpg\" alt=\"\" width=\"720\" height=\"405\" srcset=\"https:\/\/uprmdacc.upr.edu\/wp-content\/uploads\/2024\/06\/Publicacion-Facultad-may-2024.jpg 720w, https:\/\/uprmdacc.upr.edu\/wp-content\/uploads\/2024\/06\/Publicacion-Facultad-may-2024-300x169.jpg 300w\" sizes=\"(max-width: 720px) 100vw, 720px\" \/><\/p>\t\t\t\t<\/div>\r\n\t\t\t<\/div>\r\n\t\t\t\t\t\t<div class=\"acc-item\">\r\n\t\t\t\t<span class=\"acc-toggle\">Training Opportunity: Writing Persuasive R01 Proposals <i class=\"down flaticon-download-arrow\"><\/i><i class=\"up flaticon-up-arrow\"><\/i><\/span>\r\n\t\t\t\t<div class=\"acc-content\">\r\n\t\t\t\t\t<p>The MDACC Research Medical Library is offering an online course on writing an NIH R01 grant proposal. Over the course of three 1-hour modules, scientific editors will provide practical advice on writing the Specific Aims and Research Strategy of an R01 application.<\/p><p>Registration is required. To streamline and simplify the registration process, the three separate modules of this session are set up as a series; registration for one module will register you for all three. You can attend any or all modules. The series will be repeated every few months.<\/p><p>The modules are as follows:<\/p><p><b>Tuesday, February 14: Writing Persuasive R01 Proposals: The Specific Aims Section<\/b><br \/><b>Tuesday, February 21: Writing Persuasive R01 Proposals: Research Strategy: The Significance and Innovation Sections<\/b><br \/><b>Tuesday, February 28: Writing Persuasive R01 Proposals: Research Strategy: The Approach Section<\/b><br \/><b>\u00a0<\/b><br \/>(All sessions will be 12:00 to 1:00.)<\/p><p><b>REGISTER HERE:\u00a0<\/b><a href=\"https:\/\/nam02.safelinks.protection.outlook.com\/?url=https%3A%2F%2Fmdacc.zoom.us%2Fmeeting%2Fregister%2FtZYrcOmspj4pG9Ixlz0YkQHKUgN0VX_v_cbz&amp;data=05%7C01%7Cmaria.gonzalez9%40upr.edu%7C1dc432a05ae6484980be08dafbccd6c8%7C0dfa5dc0036f461599e494af822f2b84%7C0%7C0%7C638099154437976905%7CUnknown%7CTWFpbGZsb3d8eyJWIjoiMC4wLjAwMDAiLCJQIjoiV2luMzIiLCJBTiI6Ik1haWwiLCJXVCI6Mn0%3D%7C3000%7C%7C%7C&amp;sdata=3KWkjkykI0pydUifKgbu%2BIvsqMrAopDU2QtYt%2FtCjIE%3D&amp;reserved=0\" target=\"_blank\" rel=\"noopener\">https:\/\/mdacc.zoom.us\/meeting\/register\/tZYrcOmspj4pG9Ixlz0YkQHKUgN0VX_v_cbz<\/a><\/p>\t\t\t\t<\/div>\r\n\t\t\t<\/div>\r\n\t\t\t\t\t\t<div class=\"acc-item\">\r\n\t\t\t\t<span class=\"acc-toggle\"> Poster Presentation! The Florida Society of Clinical Oncology (FLASCO) <i class=\"down flaticon-download-arrow\"><\/i><i class=\"up flaticon-up-arrow\"><\/i><\/span>\r\n\t\t\t\t<div class=\"acc-content\">\r\n\t\t\t\t\t<p>Poster Presentation! The Florida Society of Clinical Oncology (FLASCO) invites you to submit abstracts detailing your research endeavors for presentation during the FLASCO 12th Annual Puerto Rico Oncology Symposium. Please submit your abstract to bcdavis@flasco.org for review. FLASCO will award $1,000 for the top 2 abstracts selected and the authors will have an opportunity to present their research on February 3rd during the module \u201cSelected Topics in Cancer Care Disparities\u201d to the convention attendees.<\/p><p>Please see Abstract Guidelines below for direction. The FLASCO 12th Annual Puerto Rico Oncology Symposium is scheduled for <strong>February 3-4, 2023<\/strong> @ Sheraton Puerto Rico Hotel &amp; Casino, 200 Convention Center Blvd., San Juan, Puerto Rico. <strong>DEADLINE to submit: January 20, 2023.<\/strong><\/p><p><strong>Poster Guidelines:<\/strong><br \/>\u2022 Poster should be no larger than 36 inches high and 48 inches wide. If you exceed this size your poster may not fit on the provided board. The poster should be made on one sheet (rollup). Do NOT mount illustrations on heavy cardboard because they may be difficult to keep in position on the poster board.<br \/>\u2022 Deadline for receipt at the FLASCO office is January 20, 2023. Absolutely no late submissions will be accepted<br \/>\u2022 Acceptance notification will be by January 25, 2023<br \/>\u2022 You must be present for the module referred to above and during the Poster Presentation Session scheduled for Friday, February 3rd from 4:30-5:30pm at the hotel. Registration is complimentary and you may do so with the following link: <a href=\"https:\/\/floridasocietyofclinicaloncologyjune152017.growthzoneapp.com\/ap\/Events\/Register\/zLEaxX0L?mode=Attendee\" target=\"_blank\" rel=\"noopener\">https:\/\/floridasocietyofclinicaloncologyjune152017.growthzoneapp.com\/ap\/Events\/Register\/zLEaxX0L?mode=Attendee<\/a><br \/>\u2022 Previously presented posters in national meetings are acceptable<br \/>\u2022 Topics to include cancer disparities research or other cancer related topics<\/p><p><a href=\"https:\/\/uprmdacc.upr.edu\/wp-content\/uploads\/2023\/01\/call-for-poster-presenntation.png\"><img loading=\"lazy\" decoding=\"async\" class=\"aligncenter wp-image-6510 size-full\" src=\"https:\/\/uprmdacc.upr.edu\/wp-content\/uploads\/2023\/01\/call-for-poster-presenntation.png\" alt=\"\" width=\"545\" height=\"737\" srcset=\"https:\/\/uprmdacc.upr.edu\/wp-content\/uploads\/2023\/01\/call-for-poster-presenntation.png 545w, https:\/\/uprmdacc.upr.edu\/wp-content\/uploads\/2023\/01\/call-for-poster-presenntation-222x300.png 222w\" sizes=\"(max-width: 545px) 100vw, 545px\" \/><\/a><\/p>\t\t\t\t<\/div>\r\n\t\t\t<\/div>\r\n\t\t\t\t    <\/div>\r\n\r\n\t    \t\t\t\t<\/div>\n\t\t\t\t<\/div>\n\t\t\t\t\t<\/div>\n\t\t<\/div>\n\t\t\t\t\t<\/div>\n\t\t<\/section>\n\t\t\t\t<\/div>\n\t\t","protected":false},"excerpt":{"rendered":"<p>\/\/ News UPR \/ MD Anderson Cancer Center Partnership for Excellence in Cancer Research Dra Filipa Godoy nos habla sobre su proyecto de investigaci\u00f3n y c\u00f3mo su proyecto ayuda a [&hellip;]<\/p>\n","protected":false},"author":2,"featured_media":0,"parent":0,"menu_order":0,"comment_status":"closed","ping_status":"closed","template":"","meta":{"footnotes":""},"class_list":["post-7146","page","type-page","status-publish","hentry"],"_links":{"self":[{"href":"https:\/\/uprmdacc.upr.edu\/index.php\/wp-json\/wp\/v2\/pages\/7146","targetHints":{"allow":["GET"]}}],"collection":[{"href":"https:\/\/uprmdacc.upr.edu\/index.php\/wp-json\/wp\/v2\/pages"}],"about":[{"href":"https:\/\/uprmdacc.upr.edu\/index.php\/wp-json\/wp\/v2\/types\/page"}],"author":[{"embeddable":true,"href":"https:\/\/uprmdacc.upr.edu\/index.php\/wp-json\/wp\/v2\/users\/2"}],"replies":[{"embeddable":true,"href":"https:\/\/uprmdacc.upr.edu\/index.php\/wp-json\/wp\/v2\/comments?post=7146"}],"version-history":[{"count":38,"href":"https:\/\/uprmdacc.upr.edu\/index.php\/wp-json\/wp\/v2\/pages\/7146\/revisions"}],"predecessor-version":[{"id":7427,"href":"https:\/\/uprmdacc.upr.edu\/index.php\/wp-json\/wp\/v2\/pages\/7146\/revisions\/7427"}],"wp:attachment":[{"href":"https:\/\/uprmdacc.upr.edu\/index.php\/wp-json\/wp\/v2\/media?parent=7146"}],"curies":[{"name":"wp","href":"https:\/\/api.w.org\/{rel}","templated":true}]}}